{"id":5048,"date":"2022-09-21T18:00:15","date_gmt":"2022-09-21T17:00:15","guid":{"rendered":"http:\/\/www.vcelarskyspolek.cz\/11-9-2020-vyrocni-schuze\/"},"modified":"2022-09-21T18:00:15","modified_gmt":"2022-09-21T17:00:15","slug":"11-9-2020-vyrocni-schuze","status":"publish","type":"page","link":"http:\/\/www.vcelarskyspolek.cz\/?page_id=5048","title":{"rendered":"11. 9. 2020 &#8211; V\u00fdro\u010dn\u00ed sch\u016fze"},"content":{"rendered":"<!-- index.php -->\n<div\n\tclass=\"ngg-galleryoverview\"\n\tid=\"ngg-gallery-9651b2918affceea99398377ee8bf5e0-1\">\n\n    \t\t<!-- Thumbnails -->\n\t\t\t\t<div id=\"ngg-image-0\" class=\"ngg-gallery-thumbnail-box\" >\n\t\t\t\t        <div class=\"ngg-gallery-thumbnail\">\n            <a href=\"http:\/\/www.vcelarskyspolek.cz\/wp-content\/gallery\/11-9-2020-vyrocni-schuze\/DSCF3918.JPG\"\n               title=\"\"\n               data-src=\"http:\/\/www.vcelarskyspolek.cz\/wp-content\/gallery\/11-9-2020-vyrocni-schuze\/DSCF3918.JPG\"\n               data-thumbnail=\"http:\/\/www.vcelarskyspolek.cz\/wp-content\/gallery\/11-9-2020-vyrocni-schuze\/thumbs\/thumbs_DSCF3918.JPG\"\n               data-image-id=\"2164\"\n               data-title=\"DSCF3918\"\n               data-description=\"\"\n               data-image-slug=\"dscf3918\"\n               class=\"ngg-fancybox\" rel=\"9651b2918affceea99398377ee8bf5e0\">\n                <img\n                    title=\"DSCF3918\"\n                    alt=\"DSCF3918\"\n                    src=\"http:\/\/www.vcelarskyspolek.cz\/wp-content\/gallery\/11-9-2020-vyrocni-schuze\/thumbs\/thumbs_DSCF3918.JPG\"\n                    width=\"120\"\n                    height=\"90\"\n                    style=\"max-width:100%;\"\n                \/>\n            <\/a>\n        <\/div>\n\t\t\t\t\t\t\t<\/div> \n\t\t\t\n        \n\t\t\t\t<div id=\"ngg-image-1\" class=\"ngg-gallery-thumbnail-box\" >\n\t\t\t\t        <div class=\"ngg-gallery-thumbnail\">\n            <a href=\"http:\/\/www.vcelarskyspolek.cz\/wp-content\/gallery\/11-9-2020-vyrocni-schuze\/DSCF3921.JPG\"\n               title=\"\"\n               data-src=\"http:\/\/www.vcelarskyspolek.cz\/wp-content\/gallery\/11-9-2020-vyrocni-schuze\/DSCF3921.JPG\"\n               data-thumbnail=\"http:\/\/www.vcelarskyspolek.cz\/wp-content\/gallery\/11-9-2020-vyrocni-schuze\/thumbs\/thumbs_DSCF3921.JPG\"\n               data-image-id=\"2165\"\n               data-title=\"DSCF3921\"\n               data-description=\"\"\n               data-image-slug=\"dscf3921\"\n               class=\"ngg-fancybox\" rel=\"9651b2918affceea99398377ee8bf5e0\">\n                <img\n                    title=\"DSCF3921\"\n                    alt=\"DSCF3921\"\n                    src=\"http:\/\/www.vcelarskyspolek.cz\/wp-content\/gallery\/11-9-2020-vyrocni-schuze\/thumbs\/thumbs_DSCF3921.JPG\"\n                    width=\"120\"\n                    height=\"90\"\n                    style=\"max-width:100%;\"\n                \/>\n            <\/a>\n        <\/div>\n\t\t\t\t\t\t\t<\/div> \n\t\t\t\n        \n\t\t\t\t<div id=\"ngg-image-2\" class=\"ngg-gallery-thumbnail-box\" >\n\t\t\t\t        <div class=\"ngg-gallery-thumbnail\">\n            <a href=\"http:\/\/www.vcelarskyspolek.cz\/wp-content\/gallery\/11-9-2020-vyrocni-schuze\/DSCF3924.JPG\"\n               title=\"\"\n               data-src=\"http:\/\/www.vcelarskyspolek.cz\/wp-content\/gallery\/11-9-2020-vyrocni-schuze\/DSCF3924.JPG\"\n               data-thumbnail=\"http:\/\/www.vcelarskyspolek.cz\/wp-content\/gallery\/11-9-2020-vyrocni-schuze\/thumbs\/thumbs_DSCF3924.JPG\"\n               data-image-id=\"2166\"\n               data-title=\"DSCF3924\"\n               data-description=\"\"\n               data-image-slug=\"dscf3924\"\n               class=\"ngg-fancybox\" rel=\"9651b2918affceea99398377ee8bf5e0\">\n                <img\n                    title=\"DSCF3924\"\n                    alt=\"DSCF3924\"\n                    src=\"http:\/\/www.vcelarskyspolek.cz\/wp-content\/gallery\/11-9-2020-vyrocni-schuze\/thumbs\/thumbs_DSCF3924.JPG\"\n                    width=\"120\"\n                    height=\"90\"\n                    style=\"max-width:100%;\"\n                \/>\n            <\/a>\n        <\/div>\n\t\t\t\t\t\t\t<\/div> \n\t\t\t\n        \n\t\t\t\t<div id=\"ngg-image-3\" class=\"ngg-gallery-thumbnail-box\" >\n\t\t\t\t        <div class=\"ngg-gallery-thumbnail\">\n            <a href=\"http:\/\/www.vcelarskyspolek.cz\/wp-content\/gallery\/11-9-2020-vyrocni-schuze\/DSCF3925.JPG\"\n               title=\"\"\n               data-src=\"http:\/\/www.vcelarskyspolek.cz\/wp-content\/gallery\/11-9-2020-vyrocni-schuze\/DSCF3925.JPG\"\n               data-thumbnail=\"http:\/\/www.vcelarskyspolek.cz\/wp-content\/gallery\/11-9-2020-vyrocni-schuze\/thumbs\/thumbs_DSCF3925.JPG\"\n               data-image-id=\"2167\"\n               data-title=\"DSCF3925\"\n               data-description=\"\"\n               data-image-slug=\"dscf3925\"\n               class=\"ngg-fancybox\" rel=\"9651b2918affceea99398377ee8bf5e0\">\n                <img\n                    title=\"DSCF3925\"\n                    alt=\"DSCF3925\"\n                    src=\"http:\/\/www.vcelarskyspolek.cz\/wp-content\/gallery\/11-9-2020-vyrocni-schuze\/thumbs\/thumbs_DSCF3925.JPG\"\n                    width=\"120\"\n                    height=\"90\"\n                    style=\"max-width:100%;\"\n                \/>\n            <\/a>\n        <\/div>\n\t\t\t\t\t\t\t<\/div> \n\t\t\t\n        \n\t\t\n\t\t<div class=\"ngg-clear\"><\/div>\n\t<\/div>\n\n","protected":false},"excerpt":{"rendered":"","protected":false},"author":1,"featured_media":0,"parent":0,"menu_order":0,"comment_status":"closed","ping_status":"closed","template":"","meta":{"ngg_post_thumbnail":0},"yoast_head":"<!-- This site is optimized with the Yoast SEO plugin v19.13-RC1 - https:\/\/yoast.com\/wordpress\/plugins\/seo\/ -->\n<title>11. 9. 2020 - V\u00fdro\u010dn\u00ed sch\u016fze - V\u010cELA\u0158I Lomnice nad Popelkou<\/title>\n<meta name=\"robots\" content=\"index, follow, max-snippet:-1, max-image-preview:large, max-video-preview:-1\" \/>\n<link rel=\"canonical\" href=\"http:\/\/www.vcelarskyspolek.cz\/?page_id=5048\" \/>\n<meta property=\"og:locale\" content=\"cs_CZ\" \/>\n<meta property=\"og:type\" content=\"article\" \/>\n<meta property=\"og:title\" content=\"11. 9. 2020 - V\u00fdro\u010dn\u00ed sch\u016fze - V\u010cELA\u0158I Lomnice nad Popelkou\" \/>\n<meta property=\"og:url\" content=\"http:\/\/www.vcelarskyspolek.cz\/?page_id=5048\" \/>\n<meta property=\"og:site_name\" content=\"V\u010cELA\u0158I Lomnice nad Popelkou\" \/>\n<meta name=\"twitter:card\" content=\"summary_large_image\" \/>\n<script type=\"application\/ld+json\" class=\"yoast-schema-graph\">{\"@context\":\"https:\/\/schema.org\",\"@graph\":[{\"@type\":\"WebPage\",\"@id\":\"http:\/\/www.vcelarskyspolek.cz\/?page_id=5048\",\"url\":\"http:\/\/www.vcelarskyspolek.cz\/?page_id=5048\",\"name\":\"11. 9. 2020 - V\u00fdro\u010dn\u00ed sch\u016fze - V\u010cELA\u0158I Lomnice nad Popelkou\",\"isPartOf\":{\"@id\":\"https:\/\/www.vcelarskyspolek.cz\/#website\"},\"datePublished\":\"2022-09-21T17:00:15+00:00\",\"dateModified\":\"2022-09-21T17:00:15+00:00\",\"breadcrumb\":{\"@id\":\"http:\/\/www.vcelarskyspolek.cz\/?page_id=5048#breadcrumb\"},\"inLanguage\":\"cs\",\"potentialAction\":[{\"@type\":\"ReadAction\",\"target\":[\"http:\/\/www.vcelarskyspolek.cz\/?page_id=5048\"]}]},{\"@type\":\"BreadcrumbList\",\"@id\":\"http:\/\/www.vcelarskyspolek.cz\/?page_id=5048#breadcrumb\",\"itemListElement\":[{\"@type\":\"ListItem\",\"position\":1,\"name\":\"Dom\u016f\",\"item\":\"https:\/\/www.vcelarskyspolek.cz\/\"},{\"@type\":\"ListItem\",\"position\":2,\"name\":\"11. 9. 2020 &#8211; V\u00fdro\u010dn\u00ed sch\u016fze\"}]},{\"@type\":\"WebSite\",\"@id\":\"https:\/\/www.vcelarskyspolek.cz\/#website\",\"url\":\"https:\/\/www.vcelarskyspolek.cz\/\",\"name\":\"V\u010cELA\u0158I Lomnice nad Popelkou\",\"description\":\"\",\"potentialAction\":[{\"@type\":\"SearchAction\",\"target\":{\"@type\":\"EntryPoint\",\"urlTemplate\":\"https:\/\/www.vcelarskyspolek.cz\/?s={search_term_string}\"},\"query-input\":\"required name=search_term_string\"}],\"inLanguage\":\"cs\"}]}<\/script>\n<!-- \/ Yoast SEO plugin. -->","yoast_head_json":{"title":"11. 9. 2020 - V\u00fdro\u010dn\u00ed sch\u016fze - V\u010cELA\u0158I Lomnice nad Popelkou","robots":{"index":"index","follow":"follow","max-snippet":"max-snippet:-1","max-image-preview":"max-image-preview:large","max-video-preview":"max-video-preview:-1"},"canonical":"http:\/\/www.vcelarskyspolek.cz\/?page_id=5048","og_locale":"cs_CZ","og_type":"article","og_title":"11. 9. 2020 - V\u00fdro\u010dn\u00ed sch\u016fze - V\u010cELA\u0158I Lomnice nad Popelkou","og_url":"http:\/\/www.vcelarskyspolek.cz\/?page_id=5048","og_site_name":"V\u010cELA\u0158I Lomnice nad Popelkou","twitter_card":"summary_large_image","schema":{"@context":"https:\/\/schema.org","@graph":[{"@type":"WebPage","@id":"http:\/\/www.vcelarskyspolek.cz\/?page_id=5048","url":"http:\/\/www.vcelarskyspolek.cz\/?page_id=5048","name":"11. 9. 2020 - V\u00fdro\u010dn\u00ed sch\u016fze - V\u010cELA\u0158I Lomnice nad Popelkou","isPartOf":{"@id":"https:\/\/www.vcelarskyspolek.cz\/#website"},"datePublished":"2022-09-21T17:00:15+00:00","dateModified":"2022-09-21T17:00:15+00:00","breadcrumb":{"@id":"http:\/\/www.vcelarskyspolek.cz\/?page_id=5048#breadcrumb"},"inLanguage":"cs","potentialAction":[{"@type":"ReadAction","target":["http:\/\/www.vcelarskyspolek.cz\/?page_id=5048"]}]},{"@type":"BreadcrumbList","@id":"http:\/\/www.vcelarskyspolek.cz\/?page_id=5048#breadcrumb","itemListElement":[{"@type":"ListItem","position":1,"name":"Dom\u016f","item":"https:\/\/www.vcelarskyspolek.cz\/"},{"@type":"ListItem","position":2,"name":"11. 9. 2020 &#8211; V\u00fdro\u010dn\u00ed sch\u016fze"}]},{"@type":"WebSite","@id":"https:\/\/www.vcelarskyspolek.cz\/#website","url":"https:\/\/www.vcelarskyspolek.cz\/","name":"V\u010cELA\u0158I Lomnice nad Popelkou","description":"","potentialAction":[{"@type":"SearchAction","target":{"@type":"EntryPoint","urlTemplate":"https:\/\/www.vcelarskyspolek.cz\/?s={search_term_string}"},"query-input":"required name=search_term_string"}],"inLanguage":"cs"}]}},"_links":{"self":[{"href":"http:\/\/www.vcelarskyspolek.cz\/index.php?rest_route=\/wp\/v2\/pages\/5048"}],"collection":[{"href":"http:\/\/www.vcelarskyspolek.cz\/index.php?rest_route=\/wp\/v2\/pages"}],"about":[{"href":"http:\/\/www.vcelarskyspolek.cz\/index.php?rest_route=\/wp\/v2\/types\/page"}],"author":[{"embeddable":true,"href":"http:\/\/www.vcelarskyspolek.cz\/index.php?rest_route=\/wp\/v2\/users\/1"}],"replies":[{"embeddable":true,"href":"http:\/\/www.vcelarskyspolek.cz\/index.php?rest_route=%2Fwp%2Fv2%2Fcomments&post=5048"}],"version-history":[{"count":0,"href":"http:\/\/www.vcelarskyspolek.cz\/index.php?rest_route=\/wp\/v2\/pages\/5048\/revisions"}],"wp:attachment":[{"href":"http:\/\/www.vcelarskyspolek.cz\/index.php?rest_route=%2Fwp%2Fv2%2Fmedia&parent=5048"}],"curies":[{"name":"wp","href":"https:\/\/api.w.org\/{rel}","templated":true}]}}