{"id":24,"date":"2015-01-10T19:42:45","date_gmt":"2015-01-10T19:42:45","guid":{"rendered":"http:\/\/bee02.moox.cz\/?page_id=24"},"modified":"2022-10-21T18:01:36","modified_gmt":"2022-10-21T17:01:36","slug":"vcelarsky-krouzek","status":"publish","type":"page","link":"http:\/\/www.vcelarskyspolek.cz\/?page_id=24","title":{"rendered":"V\u010dela\u0159sk\u00fd krou\u017eek"},"content":{"rendered":"<p><a href=\"http:\/\/www.vcelarskyspolek.cz\/wp-content\/uploads\/2022\/09\/KROU\u017dEK-2022.png\"><img loading=\"lazy\" class=\"alignnone size-full wp-image-4999\" src=\"http:\/\/www.vcelarskyspolek.cz\/wp-content\/uploads\/2022\/09\/KROU\u017dEK-2022.png\" alt=\"\" width=\"908\" height=\"608\" srcset=\"http:\/\/www.vcelarskyspolek.cz\/wp-content\/uploads\/2022\/09\/KROU\u017dEK-2022.png 908w, http:\/\/www.vcelarskyspolek.cz\/wp-content\/uploads\/2022\/09\/KROU\u017dEK-2022-300x201.png 300w, http:\/\/www.vcelarskyspolek.cz\/wp-content\/uploads\/2022\/09\/KROU\u017dEK-2022-768x514.png 768w, http:\/\/www.vcelarskyspolek.cz\/wp-content\/uploads\/2022\/09\/KROU\u017dEK-2022-100x67.png 100w, http:\/\/www.vcelarskyspolek.cz\/wp-content\/uploads\/2022\/09\/KROU\u017dEK-2022-150x100.png 150w, http:\/\/www.vcelarskyspolek.cz\/wp-content\/uploads\/2022\/09\/KROU\u017dEK-2022-200x134.png 200w, http:\/\/www.vcelarskyspolek.cz\/wp-content\/uploads\/2022\/09\/KROU\u017dEK-2022-450x301.png 450w, http:\/\/www.vcelarskyspolek.cz\/wp-content\/uploads\/2022\/09\/KROU\u017dEK-2022-600x402.png 600w, http:\/\/www.vcelarskyspolek.cz\/wp-content\/uploads\/2022\/09\/KROU\u017dEK-2022-900x603.png 900w\" sizes=\"(max-width: 908px) 100vw, 908px\" \/><\/a><\/p>\n<p><strong>Vedouc\u00ed:<\/strong> Alena Star\u00e1, Martin Sko\u0159epa<\/p>\n<p><strong>Sch\u016fzky:<\/strong>&nbsp;Ka\u017ed\u00fd p\u00e1tek od \u0159\u00edjna do kv\u011btna 15:00 &#8211; 16:30 hod.<\/p>\n<p><strong>P\u0159ihl\u00e1\u0161ky do krou\u017eku:<\/strong><br>\nSt\u0159edisko voln\u00e9ho \u010dasu Slun\u00ed\u010dko Lomnice nad Popelkou<br>\nKomensk\u00e9ho 1037<br>\n512 51 Lomnice nad Popelkou<br>\nE-mail: <a href=\"mailto:info@svclomnice.cz\">info@svclomnice.cz<\/a><br>\nTel.: +420 481 671 979<br>\nWeb: <a href=\"http:\/\/www.svclomnice.cz\">www.svclomnice.cz<\/a><br>\nFacebook: <a href=\"https:\/\/www.facebook.com\/SVCSlunicko\">SV\u010c Slun\u00ed\u010dko<\/a><\/p>\n<p>&nbsp;<\/p>\n<p><p>Invalid Displayed Gallery<\/p><\/p>\n\n\n<div id=\"\" class=\"wp-block-gosign-gosign-background-contianer gosign-color-section btn-full align-false default-padding no-margin full-width no-min-height lightColorLayout no-top-border no-bottom-border colorSectionFe background-scroll background-repeat overlay-false defined-width\"><div class=\"outer-container background-scroll\" style=\"background-repeat:repeat\"><div class=\"inner-container\"><div class=\"contentBlock\"><\/div><\/div><\/div><\/div>\n\n\n\n<div id=\"\" class=\"wp-block-gosign-gosign-background-contianer gosign-color-section btn-full align-false default-padding no-margin full-width no-min-height lightColorLayout no-top-border no-bottom-border colorSectionFe background-scroll background-repeat overlay-false defined-width\"><div class=\"outer-container background-scroll\" style=\"background-repeat:repeat\"><div class=\"inner-container\"><div class=\"contentBlock\"><\/div><\/div><\/div><\/div>\n\n\n\n<div id=\"\" class=\"wp-block-gosign-gosign-background-contianer gosign-color-section btn-full align-false default-padding no-margin full-width no-min-height lightColorLayout no-top-border no-bottom-border colorSectionFe background-scroll background-repeat overlay-false defined-width\"><div class=\"outer-container background-scroll\" style=\"background-repeat:repeat\"><div class=\"inner-container\"><div class=\"contentBlock\"><\/div><\/div><\/div><\/div>\n","protected":false},"excerpt":{"rendered":"<p>Vedouc\u00ed: Alena Star\u00e1, Martin Sko\u0159epa Sch\u016fzky:&nbsp;Ka\u017ed\u00fd p\u00e1tek od \u0159\u00edjna do kv\u011btna 15:00 &#8211; 16:30 hod. P\u0159ihl\u00e1\u0161ky do krou\u017eku: St\u0159edisko voln\u00e9ho \u010dasu Slun\u00ed\u010dko Lomnice nad Popelkou Komensk\u00e9ho 1037 512 51 Lomnice nad Popelkou E-mail: info@svclomnice.cz Tel.: +420 481 671 979 Web:<span class=\"ellipsis\">&hellip;<\/span><\/p>\n<div class=\"read-more\"><a href=\"http:\/\/www.vcelarskyspolek.cz\/?page_id=24\">\u010c\u00edst d\u00e1le &#8250;<\/a><\/div>\n<p><!-- end of .read-more --><\/p>\n","protected":false},"author":2,"featured_media":0,"parent":0,"menu_order":0,"comment_status":"closed","ping_status":"closed","template":"","meta":{"ngg_post_thumbnail":0},"yoast_head":"<!-- This site is optimized with the Yoast SEO plugin v19.13-RC1 - https:\/\/yoast.com\/wordpress\/plugins\/seo\/ -->\n<title>V\u010dela\u0159sk\u00fd krou\u017eek - V\u010cELA\u0158I Lomnice nad Popelkou<\/title>\n<meta name=\"robots\" content=\"index, follow, max-snippet:-1, max-image-preview:large, max-video-preview:-1\" \/>\n<link rel=\"canonical\" href=\"http:\/\/www.vcelarskyspolek.cz\/?page_id=24\" \/>\n<meta property=\"og:locale\" content=\"cs_CZ\" \/>\n<meta property=\"og:type\" content=\"article\" \/>\n<meta property=\"og:title\" content=\"V\u010dela\u0159sk\u00fd krou\u017eek - V\u010cELA\u0158I Lomnice nad Popelkou\" \/>\n<meta property=\"og:description\" content=\"Vedouc\u00ed: Alena Star\u00e1, Martin Sko\u0159epa Sch\u016fzky:&nbsp;Ka\u017ed\u00fd p\u00e1tek od \u0159\u00edjna do kv\u011btna 15:00 &#8211; 16:30 hod. P\u0159ihl\u00e1\u0161ky do krou\u017eku: St\u0159edisko voln\u00e9ho \u010dasu Slun\u00ed\u010dko Lomnice nad Popelkou Komensk\u00e9ho 1037 512 51 Lomnice nad Popelkou E-mail: info@svclomnice.cz Tel.: +420 481 671 979 Web:&hellip;\u010c\u00edst d\u00e1le &#8250;\" \/>\n<meta property=\"og:url\" content=\"http:\/\/www.vcelarskyspolek.cz\/?page_id=24\" \/>\n<meta property=\"og:site_name\" content=\"V\u010cELA\u0158I Lomnice nad Popelkou\" \/>\n<meta property=\"article:modified_time\" content=\"2022-10-21T17:01:36+00:00\" \/>\n<meta property=\"og:image\" content=\"http:\/\/www.vcelarskyspolek.cz\/nextgen-attach_to_post\/preview\/id--769\" \/>\n<meta name=\"twitter:card\" content=\"summary_large_image\" \/>\n<script type=\"application\/ld+json\" class=\"yoast-schema-graph\">{\"@context\":\"https:\/\/schema.org\",\"@graph\":[{\"@type\":\"WebPage\",\"@id\":\"http:\/\/www.vcelarskyspolek.cz\/?page_id=24\",\"url\":\"http:\/\/www.vcelarskyspolek.cz\/?page_id=24\",\"name\":\"V\u010dela\u0159sk\u00fd krou\u017eek - V\u010cELA\u0158I Lomnice nad Popelkou\",\"isPartOf\":{\"@id\":\"https:\/\/www.vcelarskyspolek.cz\/#website\"},\"datePublished\":\"2015-01-10T19:42:45+00:00\",\"dateModified\":\"2022-10-21T17:01:36+00:00\",\"breadcrumb\":{\"@id\":\"http:\/\/www.vcelarskyspolek.cz\/?page_id=24#breadcrumb\"},\"inLanguage\":\"cs\",\"potentialAction\":[{\"@type\":\"ReadAction\",\"target\":[\"http:\/\/www.vcelarskyspolek.cz\/?page_id=24\"]}]},{\"@type\":\"BreadcrumbList\",\"@id\":\"http:\/\/www.vcelarskyspolek.cz\/?page_id=24#breadcrumb\",\"itemListElement\":[{\"@type\":\"ListItem\",\"position\":1,\"name\":\"Dom\u016f\",\"item\":\"https:\/\/www.vcelarskyspolek.cz\/\"},{\"@type\":\"ListItem\",\"position\":2,\"name\":\"V\u010dela\u0159sk\u00fd krou\u017eek\"}]},{\"@type\":\"WebSite\",\"@id\":\"https:\/\/www.vcelarskyspolek.cz\/#website\",\"url\":\"https:\/\/www.vcelarskyspolek.cz\/\",\"name\":\"V\u010cELA\u0158I Lomnice nad Popelkou\",\"description\":\"\",\"potentialAction\":[{\"@type\":\"SearchAction\",\"target\":{\"@type\":\"EntryPoint\",\"urlTemplate\":\"https:\/\/www.vcelarskyspolek.cz\/?s={search_term_string}\"},\"query-input\":\"required name=search_term_string\"}],\"inLanguage\":\"cs\"}]}<\/script>\n<!-- \/ Yoast SEO plugin. -->","yoast_head_json":{"title":"V\u010dela\u0159sk\u00fd krou\u017eek - V\u010cELA\u0158I Lomnice nad Popelkou","robots":{"index":"index","follow":"follow","max-snippet":"max-snippet:-1","max-image-preview":"max-image-preview:large","max-video-preview":"max-video-preview:-1"},"canonical":"http:\/\/www.vcelarskyspolek.cz\/?page_id=24","og_locale":"cs_CZ","og_type":"article","og_title":"V\u010dela\u0159sk\u00fd krou\u017eek - V\u010cELA\u0158I Lomnice nad Popelkou","og_description":"Vedouc\u00ed: Alena Star\u00e1, Martin Sko\u0159epa Sch\u016fzky:&nbsp;Ka\u017ed\u00fd p\u00e1tek od \u0159\u00edjna do kv\u011btna 15:00 &#8211; 16:30 hod. P\u0159ihl\u00e1\u0161ky do krou\u017eku: St\u0159edisko voln\u00e9ho \u010dasu Slun\u00ed\u010dko Lomnice nad Popelkou Komensk\u00e9ho 1037 512 51 Lomnice nad Popelkou E-mail: info@svclomnice.cz Tel.: +420 481 671 979 Web:&hellip;\u010c\u00edst d\u00e1le &#8250;","og_url":"http:\/\/www.vcelarskyspolek.cz\/?page_id=24","og_site_name":"V\u010cELA\u0158I Lomnice nad Popelkou","article_modified_time":"2022-10-21T17:01:36+00:00","og_image":[{"url":"http:\/\/www.vcelarskyspolek.cz\/nextgen-attach_to_post\/preview\/id--769"}],"twitter_card":"summary_large_image","schema":{"@context":"https:\/\/schema.org","@graph":[{"@type":"WebPage","@id":"http:\/\/www.vcelarskyspolek.cz\/?page_id=24","url":"http:\/\/www.vcelarskyspolek.cz\/?page_id=24","name":"V\u010dela\u0159sk\u00fd krou\u017eek - V\u010cELA\u0158I Lomnice nad Popelkou","isPartOf":{"@id":"https:\/\/www.vcelarskyspolek.cz\/#website"},"datePublished":"2015-01-10T19:42:45+00:00","dateModified":"2022-10-21T17:01:36+00:00","breadcrumb":{"@id":"http:\/\/www.vcelarskyspolek.cz\/?page_id=24#breadcrumb"},"inLanguage":"cs","potentialAction":[{"@type":"ReadAction","target":["http:\/\/www.vcelarskyspolek.cz\/?page_id=24"]}]},{"@type":"BreadcrumbList","@id":"http:\/\/www.vcelarskyspolek.cz\/?page_id=24#breadcrumb","itemListElement":[{"@type":"ListItem","position":1,"name":"Dom\u016f","item":"https:\/\/www.vcelarskyspolek.cz\/"},{"@type":"ListItem","position":2,"name":"V\u010dela\u0159sk\u00fd krou\u017eek"}]},{"@type":"WebSite","@id":"https:\/\/www.vcelarskyspolek.cz\/#website","url":"https:\/\/www.vcelarskyspolek.cz\/","name":"V\u010cELA\u0158I Lomnice nad Popelkou","description":"","potentialAction":[{"@type":"SearchAction","target":{"@type":"EntryPoint","urlTemplate":"https:\/\/www.vcelarskyspolek.cz\/?s={search_term_string}"},"query-input":"required name=search_term_string"}],"inLanguage":"cs"}]}},"_links":{"self":[{"href":"http:\/\/www.vcelarskyspolek.cz\/index.php?rest_route=\/wp\/v2\/pages\/24"}],"collection":[{"href":"http:\/\/www.vcelarskyspolek.cz\/index.php?rest_route=\/wp\/v2\/pages"}],"about":[{"href":"http:\/\/www.vcelarskyspolek.cz\/index.php?rest_route=\/wp\/v2\/types\/page"}],"author":[{"embeddable":true,"href":"http:\/\/www.vcelarskyspolek.cz\/index.php?rest_route=\/wp\/v2\/users\/2"}],"replies":[{"embeddable":true,"href":"http:\/\/www.vcelarskyspolek.cz\/index.php?rest_route=%2Fwp%2Fv2%2Fcomments&post=24"}],"version-history":[{"count":29,"href":"http:\/\/www.vcelarskyspolek.cz\/index.php?rest_route=\/wp\/v2\/pages\/24\/revisions"}],"predecessor-version":[{"id":5149,"href":"http:\/\/www.vcelarskyspolek.cz\/index.php?rest_route=\/wp\/v2\/pages\/24\/revisions\/5149"}],"wp:attachment":[{"href":"http:\/\/www.vcelarskyspolek.cz\/index.php?rest_route=%2Fwp%2Fv2%2Fmedia&parent=24"}],"curies":[{"name":"wp","href":"https:\/\/api.w.org\/{rel}","templated":true}]}}